{"id":11159,"date":"2021-03-10T10:08:13","date_gmt":"2021-03-10T09:08:13","guid":{"rendered":"https:\/\/www.agroindustry.pl\/?page_id=11159"},"modified":"2025-07-08T11:44:33","modified_gmt":"2025-07-08T09:44:33","slug":"polski-kongres-napojowy","status":"publish","type":"page","link":"https:\/\/www.bikotech.pl\/index.php\/polski-kongres-napojowy\/","title":{"rendered":"Polski Kongres Napojowy (PKN)"},"content":{"rendered":"\r\n<p>Polski Kongres Napojowy jest przestrzeni\u0105 spotkania sektora rozlewniczego: producent\u00f3w, dostawc\u00f3w technologii, medi\u00f3w, organizacji bran\u017cowych. Rozmawiamy o rynku, nowych technologiach i bezpiecze\u0144stwie produkcji.<\/p>\r\n<p><blockquote class=\"wp-embedded-content\" data-secret=\"IwNUqL5pVu\"><a href=\"https:\/\/www.bikotech.pl\/index.php\/2025\/03\/18\/polski-kongres-napojowy-2025\/\">Polski Kongres Napojowy (PKN) 2025 &#8211; zapowied\u017a<\/a><\/blockquote><iframe loading=\"lazy\" class=\"wp-embedded-content\" sandbox=\"allow-scripts\" security=\"restricted\" style=\"position: absolute; visibility: hidden;\" title=\"&#8222;Polski Kongres Napojowy (PKN) 2025 &#8211; zapowied\u017a&#8221; &#8212; bikotech.pl\" src=\"https:\/\/www.bikotech.pl\/index.php\/2025\/03\/18\/polski-kongres-napojowy-2025\/embed\/#?secret=KfXBO7Sy5u#?secret=IwNUqL5pVu\" data-secret=\"IwNUqL5pVu\" width=\"600\" height=\"338\" frameborder=\"0\" marginwidth=\"0\" marginheight=\"0\" scrolling=\"no\"><\/iframe><\/p>\r\n<p>Sektor napojowy<\/p>\r\n<p><blockquote class=\"wp-embedded-content\" data-secret=\"w6OsMf0A1R\"><a href=\"https:\/\/www.bikotech.pl\/index.php\/2022\/09\/22\/polski-kongres-napojowy-3\/\">Polski Kongres Napojowy 2022 &#8211; tu rynkowi konkurenci m\u00f3wi\u0105 jednym g\u0142osem<\/a><\/blockquote><iframe loading=\"lazy\" class=\"wp-embedded-content\" sandbox=\"allow-scripts\" security=\"restricted\" style=\"position: absolute; visibility: hidden;\" title=\"&#8222;Polski Kongres Napojowy 2022 &#8211; tu rynkowi konkurenci m\u00f3wi\u0105 jednym g\u0142osem&#8221; &#8212; bikotech.pl\" src=\"https:\/\/www.bikotech.pl\/index.php\/2022\/09\/22\/polski-kongres-napojowy-3\/embed\/#?secret=QhG0gswkQj#?secret=w6OsMf0A1R\" data-secret=\"w6OsMf0A1R\" width=\"600\" height=\"338\" frameborder=\"0\" marginwidth=\"0\" marginheight=\"0\" scrolling=\"no\"><\/iframe><\/p>\r\n\r\n\r\n\r\n<figure class=\"wp-block-embed-wordpress wp-block-embed is-type-wp-embed is-provider-agroindustry-pl\">\r\n<div class=\"wp-block-embed__wrapper\">\u00a0<\/div>\r\n<\/figure>\r\n\r\n\r\n\r\n<p>Edycja 2021:<\/p>\r\n\r\n\r\n\r\n<figure class=\"wp-block-embed-wordpress wp-block-embed is-type-wp-embed is-provider-agroindustry-pl\">\r\n<div class=\"wp-block-embed__wrapper\">\u00a0<\/div>\r\n<div>\r\n<p><blockquote class=\"wp-embedded-content\" data-secret=\"a8Fkrq39KM\"><a href=\"https:\/\/www.bikotech.pl\/index.php\/2019\/09\/26\/polski-kongres-napojowy-2\/\">Polski Kongres Napojowy 2019, Zawiercie<\/a><\/blockquote><iframe loading=\"lazy\" class=\"wp-embedded-content\" sandbox=\"allow-scripts\" security=\"restricted\" style=\"position: absolute; visibility: hidden;\" title=\"&#8222;Polski Kongres Napojowy 2019, Zawiercie&#8221; &#8212; bikotech.pl\" src=\"https:\/\/www.bikotech.pl\/index.php\/2019\/09\/26\/polski-kongres-napojowy-2\/embed\/#?secret=AirzQJAOA2#?secret=a8Fkrq39KM\" data-secret=\"a8Fkrq39KM\" width=\"600\" height=\"338\" frameborder=\"0\" marginwidth=\"0\" marginheight=\"0\" scrolling=\"no\"><\/iframe><\/p>\r\n<\/div>\r\n<\/figure>\r\n\r\n\r\n\r\n<figure class=\"wp-block-embed-wordpress wp-block-embed is-type-wp-embed is-provider-agroindustry-pl\">\r\n<div class=\"wp-block-embed__wrapper\">\u00a0<\/div>\r\n<\/figure>\r\n\r\n\r\n\r\n<p>tutaj relacja filmowa 2018:<\/p>\r\n<p><iframe loading=\"lazy\" title=\"III Polski Kongres Napojowy 2018\" width=\"730\" height=\"411\" src=\"https:\/\/www.youtube.com\/embed\/9-DzYyZ5PoE?feature=oembed&#038;enablejsapi=1&#038;origin=https:\/\/www.bikotech.pl\" frameborder=\"0\" allow=\"accelerometer; autoplay; clipboard-write; encrypted-media; gyroscope; picture-in-picture; web-share\" referrerpolicy=\"strict-origin-when-cross-origin\" allowfullscreen><\/iframe><\/p>\r\n\r\n\r\n\r\n<figure class=\"wp-block-embed-youtube wp-block-embed is-type-video is-provider-youtube wp-embed-aspect-16-9 wp-has-aspect-ratio\">\r\n<div class=\"wp-block-embed__wrapper\">\u00a0<\/div>\r\n<\/figure>\r\n","protected":false},"excerpt":{"rendered":"<p>Polski Kongres Napojowy jest przestrzeni\u0105 spotkania sektora rozlewniczego: producent\u00f3w, dostawc\u00f3w technologii, medi\u00f3w, organizacji bran\u017cowych. Rozmawiamy o rynku, nowych technologiach i bezpiecze\u0144stwie produkcji. Sektor napojowy Edycja 2021: tutaj relacja filmowa 2018:<\/p>\n","protected":false},"author":2,"featured_media":26949,"parent":0,"menu_order":0,"comment_status":"closed","ping_status":"closed","template":"","meta":{"footnotes":""},"class_list":["post-11159","page","type-page","status-publish","has-post-thumbnail","hentry"],"yoast_head":"<!-- This site is optimized with the Yoast SEO plugin v20.2.1 - https:\/\/yoast.com\/wordpress\/plugins\/seo\/ -->\n<title>Polski Kongres Napojowy (PKN) | bikotech.pl<\/title>\n<meta name=\"robots\" content=\"index, follow, max-snippet:-1, max-image-preview:large, max-video-preview:-1\" \/>\n<link rel=\"canonical\" href=\"https:\/\/www.bikotech.pl\/index.php\/polski-kongres-napojowy\/\" \/>\n<meta property=\"og:locale\" content=\"pl_PL\" \/>\n<meta property=\"og:type\" content=\"article\" \/>\n<meta property=\"og:title\" content=\"Polski Kongres Napojowy (PKN) | bikotech.pl\" \/>\n<meta property=\"og:description\" content=\"Polski Kongres Napojowy jest przestrzeni\u0105 spotkania sektora rozlewniczego: producent\u00f3w, dostawc\u00f3w technologii, medi\u00f3w, organizacji bran\u017cowych. Rozmawiamy o rynku, nowych technologiach i bezpiecze\u0144stwie produkcji. Sektor napojowy Edycja 2021: tutaj relacja filmowa 2018:\" \/>\n<meta property=\"og:url\" content=\"https:\/\/www.bikotech.pl\/index.php\/polski-kongres-napojowy\/\" \/>\n<meta property=\"og:site_name\" content=\"bikotech.pl\" \/>\n<meta property=\"article:modified_time\" content=\"2025-07-08T09:44:33+00:00\" \/>\n<meta property=\"og:image\" content=\"https:\/\/www.bikotech.pl\/wp-content\/uploads\/2025\/07\/pkn.png\" \/>\n\t<meta property=\"og:image:width\" content=\"1748\" \/>\n\t<meta property=\"og:image:height\" content=\"1240\" \/>\n\t<meta property=\"og:image:type\" content=\"image\/png\" \/>\n<meta name=\"twitter:card\" content=\"summary_large_image\" \/>\n<meta name=\"twitter:label1\" content=\"Szacowany czas czytania\" \/>\n\t<meta name=\"twitter:data1\" content=\"1 minuta\" \/>\n<script type=\"application\/ld+json\" class=\"yoast-schema-graph\">{\"@context\":\"https:\/\/schema.org\",\"@graph\":[{\"@type\":\"WebPage\",\"@id\":\"https:\/\/www.bikotech.pl\/index.php\/polski-kongres-napojowy\/\",\"url\":\"https:\/\/www.bikotech.pl\/index.php\/polski-kongres-napojowy\/\",\"name\":\"Polski Kongres Napojowy (PKN) | bikotech.pl\",\"isPartOf\":{\"@id\":\"https:\/\/www.bikotech.pl\/#website\"},\"datePublished\":\"2021-03-10T09:08:13+00:00\",\"dateModified\":\"2025-07-08T09:44:33+00:00\",\"breadcrumb\":{\"@id\":\"https:\/\/www.bikotech.pl\/index.php\/polski-kongres-napojowy\/#breadcrumb\"},\"inLanguage\":\"pl-PL\",\"potentialAction\":[{\"@type\":\"ReadAction\",\"target\":[\"https:\/\/www.bikotech.pl\/index.php\/polski-kongres-napojowy\/\"]}]},{\"@type\":\"BreadcrumbList\",\"@id\":\"https:\/\/www.bikotech.pl\/index.php\/polski-kongres-napojowy\/#breadcrumb\",\"itemListElement\":[{\"@type\":\"ListItem\",\"position\":1,\"name\":\"Strona g\u0142\u00f3wna\",\"item\":\"https:\/\/www.bikotech.pl\/\"},{\"@type\":\"ListItem\",\"position\":2,\"name\":\"Polski Kongres Napojowy (PKN)\"}]},{\"@type\":\"WebSite\",\"@id\":\"https:\/\/www.bikotech.pl\/#website\",\"url\":\"https:\/\/www.bikotech.pl\/\",\"name\":\"bikotech.pl\",\"description\":\"Innowacje, \u015brodowisko, technologie  - prosto i z sensem o przemy\u015ble spo\u017cywczym\",\"potentialAction\":[{\"@type\":\"SearchAction\",\"target\":{\"@type\":\"EntryPoint\",\"urlTemplate\":\"https:\/\/www.bikotech.pl\/?s={search_term_string}\"},\"query-input\":\"required name=search_term_string\"}],\"inLanguage\":\"pl-PL\"}]}<\/script>\n<!-- \/ Yoast SEO plugin. -->","yoast_head_json":{"title":"Polski Kongres Napojowy (PKN) | bikotech.pl","robots":{"index":"index","follow":"follow","max-snippet":"max-snippet:-1","max-image-preview":"max-image-preview:large","max-video-preview":"max-video-preview:-1"},"canonical":"https:\/\/www.bikotech.pl\/index.php\/polski-kongres-napojowy\/","og_locale":"pl_PL","og_type":"article","og_title":"Polski Kongres Napojowy (PKN) | bikotech.pl","og_description":"Polski Kongres Napojowy jest przestrzeni\u0105 spotkania sektora rozlewniczego: producent\u00f3w, dostawc\u00f3w technologii, medi\u00f3w, organizacji bran\u017cowych. Rozmawiamy o rynku, nowych technologiach i bezpiecze\u0144stwie produkcji. Sektor napojowy Edycja 2021: tutaj relacja filmowa 2018:","og_url":"https:\/\/www.bikotech.pl\/index.php\/polski-kongres-napojowy\/","og_site_name":"bikotech.pl","article_modified_time":"2025-07-08T09:44:33+00:00","og_image":[{"width":1748,"height":1240,"url":"https:\/\/www.bikotech.pl\/wp-content\/uploads\/2025\/07\/pkn.png","type":"image\/png"}],"twitter_card":"summary_large_image","twitter_misc":{"Szacowany czas czytania":"1 minuta"},"schema":{"@context":"https:\/\/schema.org","@graph":[{"@type":"WebPage","@id":"https:\/\/www.bikotech.pl\/index.php\/polski-kongres-napojowy\/","url":"https:\/\/www.bikotech.pl\/index.php\/polski-kongres-napojowy\/","name":"Polski Kongres Napojowy (PKN) | bikotech.pl","isPartOf":{"@id":"https:\/\/www.bikotech.pl\/#website"},"datePublished":"2021-03-10T09:08:13+00:00","dateModified":"2025-07-08T09:44:33+00:00","breadcrumb":{"@id":"https:\/\/www.bikotech.pl\/index.php\/polski-kongres-napojowy\/#breadcrumb"},"inLanguage":"pl-PL","potentialAction":[{"@type":"ReadAction","target":["https:\/\/www.bikotech.pl\/index.php\/polski-kongres-napojowy\/"]}]},{"@type":"BreadcrumbList","@id":"https:\/\/www.bikotech.pl\/index.php\/polski-kongres-napojowy\/#breadcrumb","itemListElement":[{"@type":"ListItem","position":1,"name":"Strona g\u0142\u00f3wna","item":"https:\/\/www.bikotech.pl\/"},{"@type":"ListItem","position":2,"name":"Polski Kongres Napojowy (PKN)"}]},{"@type":"WebSite","@id":"https:\/\/www.bikotech.pl\/#website","url":"https:\/\/www.bikotech.pl\/","name":"bikotech.pl","description":"Innowacje, \u015brodowisko, technologie  - prosto i z sensem o przemy\u015ble spo\u017cywczym","potentialAction":[{"@type":"SearchAction","target":{"@type":"EntryPoint","urlTemplate":"https:\/\/www.bikotech.pl\/?s={search_term_string}"},"query-input":"required name=search_term_string"}],"inLanguage":"pl-PL"}]}},"_links":{"self":[{"href":"https:\/\/www.bikotech.pl\/index.php\/wp-json\/wp\/v2\/pages\/11159","targetHints":{"allow":["GET"]}}],"collection":[{"href":"https:\/\/www.bikotech.pl\/index.php\/wp-json\/wp\/v2\/pages"}],"about":[{"href":"https:\/\/www.bikotech.pl\/index.php\/wp-json\/wp\/v2\/types\/page"}],"author":[{"embeddable":true,"href":"https:\/\/www.bikotech.pl\/index.php\/wp-json\/wp\/v2\/users\/2"}],"replies":[{"embeddable":true,"href":"https:\/\/www.bikotech.pl\/index.php\/wp-json\/wp\/v2\/comments?post=11159"}],"version-history":[{"count":16,"href":"https:\/\/www.bikotech.pl\/index.php\/wp-json\/wp\/v2\/pages\/11159\/revisions"}],"predecessor-version":[{"id":26950,"href":"https:\/\/www.bikotech.pl\/index.php\/wp-json\/wp\/v2\/pages\/11159\/revisions\/26950"}],"wp:featuredmedia":[{"embeddable":true,"href":"https:\/\/www.bikotech.pl\/index.php\/wp-json\/wp\/v2\/media\/26949"}],"wp:attachment":[{"href":"https:\/\/www.bikotech.pl\/index.php\/wp-json\/wp\/v2\/media?parent=11159"}],"curies":[{"name":"wp","href":"https:\/\/api.w.org\/{rel}","templated":true}]}}